{"id":3657,"date":"2020-09-10T18:10:07","date_gmt":"2020-09-10T17:10:07","guid":{"rendered":"https:\/\/sos-shop.ch\/product\/import-placeholder-for-306\/"},"modified":"2025-03-17T04:41:57","modified_gmt":"2025-03-17T03:41:57","slug":"frikadelles__trashed","status":"publish","type":"product","link":"https:\/\/dev.sos-shop.ch\/en\/shop\/frikadelles__trashed\/","title":{"rendered":"Frikadelles"},"content":{"rendered":"<div>\n<h5><strong>Origine<\/strong><\/h5>\n<p>Fabriqu\u00e9 en Suisse \u00e0 partir de viande suisse.<\/p>\n<\/div>\n<h5 class=\"general-infos\"><strong>Valeurs nutritionnelles pour 100 g<\/strong><\/h5>\n<div class=\"general-infos\">\n<div class=\"clearfix\"><span class=\"left-info\">Valeur \u00e9nerg\u00e9tique:<\/span><span class=\"right-info\">1012 kJ \/ 243 kcal<\/span><\/div>\n<div class=\"clearfix\"><span class=\"left-info\">Graisse:<\/span><span class=\"right-info\">15 grammes<\/span><\/div>\n<div class=\"clearfix\"><span class=\"left-info\">Les glucides:<\/span><span class=\"right-info\">9,9 g<\/span><\/div>\n<div class=\"clearfix\"><span class=\"left-info\">Prot\u00e9ine:<\/span><span class=\"right-info\">17 grammes<\/span><\/div>\n<div class=\"clearfix\"><span class=\"left-info\">Sel de table:<\/span><span class=\"right-info\">2,4 g<\/span><\/div>\n<div><\/div>\n<\/div>\n<h5><strong>Poids<\/strong><\/h5>\n<p>200 g<\/p>\n<h5><strong>Description du produit Produit de<\/strong><\/h5>\n<p>viande avec chapelure, cuit, d\u00e9congel\u00e9<\/p>\n<h5><strong>Allergie<\/strong><\/h5>\n<p>information mie de\u00a0pain, les\u00a0pistaches, le\u00a0c\u00e9leri, les\u00a0fibres de bl\u00e9, la\u00a0farine de bl\u00e9.<\/p>","protected":false},"excerpt":{"rendered":"<p>Origine Fabriqu\u00e9 en Suisse \u00e0 partir de viande suisse. Valeurs nutritionnelles pour 100 g Valeur \u00e9nerg\u00e9tique:1012 kJ \/ 243 kcal Graisse:15 grammes Les glucides:9,9 g Prot\u00e9ine:17 grammes Sel de table:2,4 g Poids 200 g Description du produit Produit de viande avec chapelure, cuit, d\u00e9congel\u00e9 Allergie information mie de\u00a0pain, les\u00a0pistaches, le\u00a0c\u00e9leri, les\u00a0fibres de bl\u00e9, la\u00a0farine de&hellip;<\/p>","protected":false},"featured_media":3721,"template":"","meta":[],"product_cat":[114],"product_tag":[],"acf":[],"_links":{"self":[{"href":"https:\/\/dev.sos-shop.ch\/en\/wp-json\/wp\/v2\/product\/3657"}],"collection":[{"href":"https:\/\/dev.sos-shop.ch\/en\/wp-json\/wp\/v2\/product"}],"about":[{"href":"https:\/\/dev.sos-shop.ch\/en\/wp-json\/wp\/v2\/types\/product"}],"version-history":[{"count":0,"href":"https:\/\/dev.sos-shop.ch\/en\/wp-json\/wp\/v2\/product\/3657\/revisions"}],"wp:featuredmedia":[{"embeddable":true,"href":"https:\/\/dev.sos-shop.ch\/en\/wp-json\/wp\/v2\/media\/3721"}],"wp:attachment":[{"href":"https:\/\/dev.sos-shop.ch\/en\/wp-json\/wp\/v2\/media?parent=3657"}],"wp:term":[{"taxonomy":"product_cat","embeddable":true,"href":"https:\/\/dev.sos-shop.ch\/en\/wp-json\/wp\/v2\/product_cat?post=3657"},{"taxonomy":"product_tag","embeddable":true,"href":"https:\/\/dev.sos-shop.ch\/en\/wp-json\/wp\/v2\/product_tag?post=3657"}],"curies":[{"name":"wp","href":"https:\/\/api.w.org\/{rel}","templated":true}]}}

<div>
<h5><strong>Origine</strong></h5>
<p>Fabriqué en Suisse à partir de viande suisse.</p>
</div>
<h5 class="general-infos"><strong>Valeurs nutritionnelles pour 100 g</strong></h5>
<div class="general-infos">
<div class="clearfix"><span class="left-info">Valeur énergétique:</span><span class="right-info">1012 kJ / 243 kcal</span></div>
<div class="clearfix"><span class="left-info">Graisse:</span><span class="right-info">15 grammes</span></div>
<div class="clearfix"><span class="left-info">Les glucides:</span><span class="right-info">9,9 g</span></div>
<div class="clearfix"><span class="left-info">Protéine:</span><span class="right-info">17 grammes</span></div>
<div class="clearfix"><span class="left-info">Sel de table:</span><span class="right-info">2,4 g</span></div>
<div></div>
</div>
<h5><strong>Poids</strong></h5>
<p>200 g</p>
<h5><strong>Description du produit Produit de</strong></h5>
<p>viande avec chapelure, cuit, décongelé</p>
<h5><strong>Allergie</strong></h5>
<p>information mie de pain, les pistaches, le céleri, les fibres de blé, la farine de blé.</p>

<p>Origine Fabriqué en Suisse à partir de viande suisse. Valeurs nutritionnelles pour 100 g Valeur énergétique:1012 kJ / 243 kcal Graisse:15 grammes Les glucides:9,9 g Protéine:17 grammes Sel de table:2,4 g Poids 200 g Description du produit Produit de viande avec chapelure, cuit, décongelé Allergie information mie de pain, les pistaches, le céleri, les fibres de blé, la farine de&hellip;</p>
